
True
Is 17767 a composite number?
True
Is 5731 composite?
True
Is 612791 a prime number?
True
Is 352661 prime?
True
Is 71387 a composite number?
False
Is 144281 composite?
True
Is 225037 composite?
False
Is 42001 a composite number?
True
Is 818705 a composite number?
True
Is 74653 prime?
True
Is 2902 composite?
True
Is 34211 a composite number?
False
Is 2491 composite?
True
Is 1522427 a composite number?
False
Is 247223 composite?
False
Is 55871 composite?
False
Is 11027 composite?
False
Is 508159 prime?
True
Is 352883 a prime number?
True
Is 48917 prime?
False
Is 2813 a composite number?
True
Is 77117 prime?
False
Is 189389 composite?
False
Is 107099 composite?
False
Is 4583 a composite number?
False
Is 1031 composite?
False
Is 122302 a prime number?
False
Is 155483 prime?
False
Is 83701 a prime number?
True
Is 421957 a composite number?
True
Is 165745 prime?
False
Is 35654 composite?
True
Is 26935 a composite number?
True
Is 315347 composite?
True
Is 47809 prime?
True
Is 5147 composite?
False
Is 178726 prime?
False
Is 347161 composite?
False
Is 7393 a composite number?
False
Is 15403 a prime number?
False
Is 4544827 a composite number?
True
Is 1491527 a prime number?
False
Is 1516951 prime?
True
Is 35687 prime?
False
Is 14621 a prime number?
True
Is 18079 composite?
True
Is 109529 composite?
True
Is 114447 composite?
True
Is 35831 prime?
True
Is 19063 a prime number?
False
Is 9767 composite?
False
Is 1213 prime?
True
Is 82439 composite?
True
Is 86069 composite?
False
Is 45361 prime?
True
Is 5707 a prime number?
False
Is 3409 prime?
False
Is 378929 a composite number?
False
Is 4367 composite?
True
Is 52645 a prime number?
False
Is 33227 a prime number?
False
Is 19315 composite?
True
Is 4034 a composite number?
True
Is 329 composite?
True
Is 530501 a prime number?
True
Is 787 a prime number?
True
Is 297547 composite?
True
Is 14583 composite?
True
Is 64133 a composite number?
True
Is 652903 prime?
True
Is 1419469 composite?
False
Is 354887 a prime number?
False
Is 324595 a prime number?
False
Is 108998 composite?
True
Is 50033 a prime number?
True
Is 43331 prime?
True
Is 62461 a prime number?
False
Is 302282 prime?
False
Is 98663 composite?
False
Is 576769 a composite number?
False
Is 45769 a composite number?
True
Is 31881 composite?
True
Is 3047 a composite number?
True
Is 461791 a prime number?
False
Is 7451 a composite number?
False
Is 413 composite?
True
Is 18633 composite?
True
Is 90121 composite?
False
Is 2929 a prime number?
False
Is 68317 a prime number?
False
Is 472963 composite?
False
Is 606899 composite?
False
Is 237067 composite?
False
Is 840706 prime?
False
Is 79493 a composite number?
False
Is 254773 a composite number?
False
Is 56517 a composite number?
True
Is 50833 a prime number?
True
Is 427913 prime?
True
Is 647477 a prime number?
True
Is 149983 a prime number?
False
Is 366631 a composite number?
False
Is 43607 composite?
False
Is 124385 prime?
False
Is 1296949 composite?
False
Is 13047 composite?
True
Is 16997 a composite number?
True
Is 44007 a prime number?
False
Is 7151 composite?
False
Is 119463 prime?
False
Is 27677 composite?
True
Is 5789 composite?
True
Is 6287 composite?
False
Is 18398 composite?
True
Is 10937 composite?
False
Is 276707 composite?
False
Is 256705 a composite number?
True
Is 7237 composite?
False
Is 2497 a composite number?
True
Is 10367 a prime number?
False
Is 187507 prime?
True
Is 1943 composite?
True
Is 1436737 a prime number?
True
Is 599917 a composite number?
True
Is 364993 a prime number?
True
Is 3607 composite?
False
Is 11399 a composite number?
False
Is 224097 a prime number?
False
Is 14221 composite?
False
Is 5557 composite?
False
Is 11047 composite?
False
Is 873701 a composite number?
True
Is 385001 composite?
False
Is 12143 composite?
False
Is 9391 a prime number?
True
Is 18661 a prime number?
True
Is 50495 a prime number?
False
Is 73819 a composite number?
False
Is 241391 a composite number?
False
Is 40693 prime?
True
Is 36847 a prime number?
True
Is 218383 prime?
False
Is 1397 prime?
False
Is 161513 prime?
False
Is 173039 a composite number?
False
Is 83783 a prime number?
False
Is 2521 a composite number?
False
Is 2399 a composite number?
False
Is 671237 a composite number?
True
Is 9827 composite?
True
Is 797291 a composite number?
True
Is 2327 prime?
False
Is 1299601 composite?
False
Is 9599 a composite number?
True
Is 8887 a composite number?
False
Is 208271 composite?
True
Is 4007 prime?
True
Is 110119 prime?
True
Is 942779 composite?
False
Is 203531 a prime number?
True
Is 151819 prime?
False
Is 350159 a composite number?
False
Is 13061 a composite number?
True
Is 103055 a prime number?
False
Is 187241 a prime number?
False
Is 6079 composite?
False
Is 44923 a composite number?
True
Is 55967 composite?
False
Is 596093 a prime number?
True
Is 7187 a prime number?
True
Is 15593 composite?
True
Is 146255 a composite number?
True
Is 6947 prime?
True
Is 167731 prime?
False
Is 725885 prime?
False
Is 452927 a prime number?
False
Is 16609 a composite number?
True
Is 3247 a composite number?
True
Is 2303461 prime?
True
Is 1937 prime?
False
Is 1340441 a prime number?
True
Is 118861 composite?
False
Is 7207 composite?
False
Is 671 composite?
True
Is 6787 prime?
False
Is 154051 prime?
False
Is 67307 composite?
False
Is 6619 a prime number?
True
Is 293899 a prime number?
True
Is 3450769 a composite number?
True
Is 667 composite?
True
Is 68893 a prime number?
False
Is 15967 a composite number?
True
Is 3669205 prime?
False
Is 341641 a prime number?
True
Is 454277 a composite number?
False
Is 10559 a prime number?
True
Is 106473 composite?
True
Is 937421 a composite number?
False
Is 13942 a prime number?
False
Is 193463 prime?
True
Is 8353 prime?
True
Is 35051 a prime number?
True
Is 101429 a composite number?
False
Is 7339 composite?
True
Is 75401 a prime number?
True
Is 15214 composite?
True
Is 13993 a prime number?
False
Is 101327 composite?
True
Is 33727 composite?
True
Is 767399 a composite number?
False
Is 980353 prime?
False
Is 241903 a prime number?
True
Is 81457 prime?
True
Is 107563 a prime number?
True
Is 64706 a prime number?
False
Is 53327 composite?
False
Is 16049 a prime number?
False
Is 962149 composite?
True
Is 25837 a composite number?
True
Is 1182317 a prime number?
False
Is 185 a composite number?
True
Is 716405 composite?
True
Is 6157 prime?
False
Is 75731 a prime number?
True
Is 22738 a composite number?
True
Is 205417 a prime number?
True
Is 3961 a prime number?
False
Is 2183 a composite number?
True
Is 29441 prime?
False
Is 1077 a composite number?
True
Is 4733 a composite number?
False
Is 3377 a composite number?
True
Is 737683 a composite number?
False
Is 2581 a composite number?
True
Is 133853 composite?
False
Is 10589 a composite number?
False
Is 440009 a composite number?
False
Is 4324979 prime?
True
Is 542902 prime?
False
Is 1609843 prime?
True
Is 807 a composite number?
True
Is 34057 prime?
True
Is 227921 a prime number?
False
Is 374983 composite?
True
Is 1639 a prime number?
False
Is 974 prime?
False
Is 1043547 a composite number?
True
Is 499879 a composite number?
False
Is 422753 a composite number?
False
Is 4637 a prime number?
True
Is 371 a composite number?
True
Is 1649 composite?
True
Is 42621 composite?
True
Is 884651 a composite number?
False
Is 350941 prime?
True
Is 545 a composite number?
True
Is 1866817 prime?
False
Is 193513 prime?
True
Is 321547 prime?
True
Is 137909 a prime number?
True
Is 84059 a composite number?
False
Is 953 prime?
True
Is 10771 prime?
True
Is 668269 a prime number?
False
Is 7835285 prime?
False
Is 12539 composite?
False
Is 94871 a composite number?
True
Is 2237709 composite?
True
Is 18727 composite?
True
Is 119787 prime?
False
Is 248377 a prime number?
False
Is 173573 prime?
True
Is 20329 a prime number?
False
Is 591 prime?
False
Is 264211 a prime number?
True
Is 6197 prime?
True
Is 64793 composite?
False
Is 24499 a composite number?
False
Is 190483 prime?
False
Is 4177 a prime number?
True
Is 895 a composite number?
True
Is 8927 a composite number?
True
Is 2999 a prime number?
True
Is 3545 composite?
True
Is 1151 prime?
True
Is 110379 a composite number?
True
Is 1517513 composite?
True
Is 47597 composite?
True
Is 23719 composit